{"id":5,"date":"2020-08-04T09:16:49","date_gmt":"2020-08-04T09:16:49","guid":{"rendered":"http:\/\/wp.codim.eu\/?page_id=5"},"modified":"2024-01-28T22:51:14","modified_gmt":"2024-01-28T21:51:14","slug":"codim-dr-dieter-becker","status":"publish","type":"page","link":"https:\/\/codim.eu\/","title":{"rendered":"Codim &#038; Dr. Dieter Becker"},"content":{"rendered":"\n<p>Herzlich willkommen.<\/p>\n\n\n\n<p>Codim \u2013 Beratu<a href=\"http:\/\/www.agentur-aim.com\/aim2\/wp-content\/uploads\/2016\/02\/DB-WE-Sitzend.jpg\"><\/a>ng &amp; Innvoation wurde von mir, Dieter Becker, gegr\u00fcndet.<\/p>\n\n\n\n<p>Meine Qualifikationen sind ungew\u00f6hnlich. Ich bin Betriebswirt und evangelischer Theologe; und sofern meine Kirche mich ben\u00f6tigt auch als Teilzeit-Pfarrer im Einsatz.<\/p>\n\n\n<div class=\"wp-block-image\">\n<figure class=\"alignleft size-large is-resized\"><img loading=\"lazy\" decoding=\"async\" src=\"http:\/\/wp.codim.eu\/wp-content\/uploads\/2020\/08\/DB-WE-Sitzend.jpg\" alt=\"\" class=\"wp-image-6\" width=\"231\" height=\"400\" srcset=\"https:\/\/codim.eu\/wp-content\/uploads\/2020\/08\/DB-WE-Sitzend.jpg 461w, https:\/\/codim.eu\/wp-content\/uploads\/2020\/08\/DB-WE-Sitzend-173x300.jpg 173w\" sizes=\"auto, (max-width: 231px) 100vw, 231px\" \/><\/figure>\n<\/div>\n\n\n<p>Wir treiben an zum Wandel in Neues hinein und zur Auffrischung von Bestehendem.<br>Seien Sie gespannt und erwartungsvoll, was wir zu bieten haben.<\/p>\n\n\n\n<p>Auf konkrete Branchen oder Alter von Menschen sind wird nicht festgelegt, weil Innovationsberatung sich von der \u00fcblichen Beratung deutlich absetzt.<\/p>\n\n\n\n<p>Mit Codim Beratung &amp; Innovation arbeiten wir f\u00fcr alle Bereiche des menschlichen und organisatorischen Lebens.<\/p>\n\n\n\n<p><\/p>\n\n\n\n<p>Das Leben und die Welt ist ambivalent, heterogen und herausfordernd. Gleiches war gestern und morgen ist bunt. Zur Erneuerung, zum Auffrischen helfen wir Ihnen.<strong><br><\/strong><\/p>\n","protected":false},"excerpt":{"rendered":"<p>Herzlich willkommen. Codim \u2013 Beratung &amp; Innvoation wurde von mir, Dieter Becker, gegr\u00fcndet. Meine Qualifikationen sind ungew\u00f6hnlich. Ich bin Betriebswirt und evangelischer Theologe; und sofern meine Kirche mich ben\u00f6tigt auch als Teilzeit-Pfarrer im Einsatz. Wir treiben an zum Wandel in Neues hinein und zur Auffrischung von Bestehendem.Seien Sie gespannt und erwartungsvoll, was wir zu bieten &hellip; <a href=\"https:\/\/codim.eu\/\" class=\"more-link\"><span class=\"screen-reader-text\">Codim &#038; Dr. Dieter Becker<\/span> weiterlesen <span class=\"meta-nav\">&rarr;<\/span><\/a><\/p>\n","protected":false},"author":1,"featured_media":0,"parent":0,"menu_order":0,"comment_status":"closed","ping_status":"closed","template":"","meta":{"footnotes":""},"class_list":["post-5","page","type-page","status-publish","hentry"],"_links":{"self":[{"href":"https:\/\/codim.eu\/index.php?rest_route=\/wp\/v2\/pages\/5","targetHints":{"allow":["GET"]}}],"collection":[{"href":"https:\/\/codim.eu\/index.php?rest_route=\/wp\/v2\/pages"}],"about":[{"href":"https:\/\/codim.eu\/index.php?rest_route=\/wp\/v2\/types\/page"}],"author":[{"embeddable":true,"href":"https:\/\/codim.eu\/index.php?rest_route=\/wp\/v2\/users\/1"}],"replies":[{"embeddable":true,"href":"https:\/\/codim.eu\/index.php?rest_route=%2Fwp%2Fv2%2Fcomments&post=5"}],"version-history":[{"count":6,"href":"https:\/\/codim.eu\/index.php?rest_route=\/wp\/v2\/pages\/5\/revisions"}],"predecessor-version":[{"id":48,"href":"https:\/\/codim.eu\/index.php?rest_route=\/wp\/v2\/pages\/5\/revisions\/48"}],"wp:attachment":[{"href":"https:\/\/codim.eu\/index.php?rest_route=%2Fwp%2Fv2%2Fmedia&parent=5"}],"curies":[{"name":"wp","href":"https:\/\/api.w.org\/{rel}","templated":true}]}}